3, 4831
What are the prime factors of 493199625?
3, 5, 19, 69221
What are the prime factors of 4618972024?
2, 71, 8131993
List the prime factors of 1861805728.
2, 17, 3422437
What are the prime factors of 676623285?
3, 5, 13, 61, 67, 283
What are the prime factors of 1055228635?
5, 211045727
List the prime factors of 2032400940.
2, 3, 5, 3877, 8737
List the prime factors of 57473663.
13, 193, 22907
List the prime factors of 398499559.
19, 269, 77969
List the prime factors of 2021372060.
2, 5, 101068603
List the prime factors of 706420500.
2, 3, 5, 470947
List the prime factors of 1758802231.
1758802231
List the prime factors of 1996886291.
67, 2591, 11503
List the prime factors of 2110736339.
31, 1709, 39841
What are the prime factors of 673831151?
7, 47, 43577
List the prime factors of 66903087.
3, 29, 71, 10831
What are the prime factors of 3258846376?
2, 407355797
What are the prime factors of 53608919?
7, 13, 589109
What are the prime factors of 32988149?
41, 804589
List the prime factors of 4623332625.
3, 5, 4109629
What are the prime factors of 3882154757?
13, 298627289
What are the prime factors of 10994909?
509, 21601
List the prime factors of 97835799.
3, 17, 41, 71, 659
List the prime factors of 6066360.
2, 3, 5, 41, 137
List the prime factors of 160382960.
2, 5, 2004787
What are the prime factors of 3947489?
7, 13, 6197
List the prime factors of 147053218.
2, 13, 5655893
What are the prime factors of 46715872?
2, 7, 208553
List the prime factors of 60867147.
3, 11, 1031, 1789
What are the prime factors of 106775341?
3547, 30103
List the prime factors of 36705752.
2, 4588219
List the prime factors of 2761733568.
2, 3, 11, 29, 67, 673
List the prime factors of 329784050.
2, 5, 67, 98443
List the prime factors of 850064069.
1663, 511163
What are the prime factors of 116462836?
2, 7, 53, 78479
List the prime factors of 144499487.
11, 13136317
List the prime factors of 49416948.
2, 3, 7, 19, 10321
What are the prime factors of 297317489?
7, 42473927
What are the prime factors of 7766526917?
29, 267811273
What are the prime factors of 120794108?
2, 30198527
List the prime factors of 649836644.
2, 1193, 136177
What are the prime factors of 2729274694?
2, 1364637347
List the prime factors of 57970617.
3, 19323539
What are the prime factors of 1437428328?
2, 3, 7, 59, 20717
What are the prime factors of 42564835?
5, 23, 359, 1031
What are the prime factors of 1911343991?
36653, 52147
What are the prime factors of 983057160?
2, 3, 5, 8192143
List the prime factors of 6724556.
2, 19, 23, 3847
List the prime factors of 3277502560.
2, 5, 20484391
List the prime factors of 2351099939.
103, 22826213
List the prime factors of 54037263.
3, 7, 47, 53, 1033
What are the prime factors of 192070033?
23, 8350871
What are the prime factors of 295409085?
3, 5, 17, 1158467
List the prime factors of 16670163.
3, 19, 292459
What are the prime factors of 46097759?
46097759
List the prime factors of 754650608.
2, 23, 31, 83, 797
What are the prime factors of 4953196094?
2, 7, 11, 109, 295079
What are the prime factors of 248553831?
3, 73, 107, 10607
What are the prime factors of 12681108?
2, 3, 11, 31, 1033
List the prime factors of 93821545.
5, 131, 143239
What are the prime factors of 55894158?
2, 3, 1035077
List the prime factors of 88718915.
5, 109, 162787
What are the prime factors of 1188483?
3, 421, 941
What are the prime factors of 19055872?
2, 11, 67, 101
List the prime factors of 3321845086.
2, 7, 709, 334661
List the prime factors of 3506222357.
11, 31, 10282177
List the prime factors of 1035224607.
3, 73, 271, 17443
What are the prime factors of 901116140?
2, 5, 45055807
List the prime factors of 192757937.
5639, 34183
What are the prime factors of 239109168?
2, 3, 4981441
What are the prime factors of 2109325482?
2, 3, 11, 53, 6091
List the prime factors of 33687959.
33687959
What are the prime factors of 435681470?
2, 5, 7, 173, 35977
List the prime factors of 1091203821.
3, 2837, 42737
List the prime factors of 1876953250.
2, 5, 7507813
List the prime factors of 584748046.
2, 53, 79, 69829
What are the prime factors of 601290811?
11, 37, 39929
List the prime factors of 16979662.
2, 7, 433, 2801
List the prime factors of 1147487315.
5, 13, 113, 156227
What are the prime factors of 1656706927?
20393, 81239
What are the prime factors of 108342450?
2, 3, 5, 71, 3391
List the prime factors of 564529470.
2, 3, 5, 18817649
List the prime factors of 123785533.
3083, 40151
List the prime factors of 64656247.
1487, 43481
What are the prime factors of 5659877197?
13, 149, 2921981
List the prime factors of 7202316949.
43, 83, 2018021
What are the prime factors of 25681701?
3, 821, 10427
List the prime factors of 2140634091.
3, 827, 862811
List the prime factors of 1206957607.
1019, 1184453
List the prime factors of 65497681.
89, 373, 1973
List the prime factors of 401295989.
401295989
What are the prime factors of 274324727?
41, 6690847
List the prime factors of 2474585525.
5, 23, 571, 7537
List the prime factors of 101408157.
3, 29, 37, 10501
What are the prime factors of 107421809?
11, 9765619
What are the prime factors of 767649499?
767649499
List the prime factors of 268453462.
2, 257, 522283
What are the prime factors of 2361744246?
2, 3, 307, 1282163
List the prime factors of 1316702352.
2, 3, 7, 3918757
What are the prime factors of 2448579185?
5, 13, 29, 1298981
What are the prime factors of 75883120?
2, 5, 373, 2543
List the prime factors of 5383708.
2, 11, 31, 3947
List the prime factors of 3888554334.
2, 3, 7, 157, 589711
What are the prime factors of 58789876?
2, 17, 19, 45503
List the prime factors of 203727748.
2, 7, 641, 11351
List the prime factors of 271783523.
11, 53, 466181
List the prime factors of 8292282.
2, 3, 23, 60089
What are the prime factors of 29363775?
3, 5, 7, 55931
What are the prime factors of 123270484?
2, 71, 421, 1031
List the prime factors of 1761761935.
5, 17, 23, 173, 5209
List the prime factors of 22507854.
2, 3, 3751309
List the prime factors of 765491416.
2, 2179, 43913
What are the prime factors of 29392734?
2, 3, 7, 19, 36833
List the prime factors of 54291315.
3, 5, 13, 139, 2003
What are the prime factors of 29826330?
2, 3, 5, 17, 233, 251
What are the prime factors of 880949318?
2, 103, 227, 18839
List the prime factors of 34042013.
41, 830293
List the prime factors of 3618454882.
2, 7, 2399, 15391
What are the prime factors of 298114699?
73, 4083763
What are the prime factors of 200922213?
3, 67, 999613
List the prime factors of 783581058.
2, 3, 13, 443, 7559
List the prime factors of 51336237.
3, 293, 58403
What are the prime factors of 4768290?
2, 3, 5, 52981
List the prime factors of 881929742.
2, 43, 10254997
List the prime factors of 204919458.
2, 3, 34153243
List the prime factors of 72911985.
3, 5, 4860799
List the prime factors of 812572011.
3, 2269, 39791
What are the prime factors of 52229121?
3, 7, 41, 60661
What are the prime factors of 507565842?
2, 3, 7, 53, 107, 2131
List the prime factors of 80797243.
17, 67, 70937
List the prime factors of 380599297.
13, 73, 401053
List the prime factors of 893084441.
599, 1490959
List the prime factors of 44300604.
2, 3, 3691717
List the prime factors of 62142172.
2, 15535543
What are the prime factors of 48566772?
2, 3, 1349077
What are the prime factors of 93571929?
3, 11, 105019
List the prime factors of 3347122785.
3, 5, 223141519
List the prime factors of 1051943629.
11, 17, 53, 9649
What are the prime factors of 307265567?
7, 479, 91639
List the prime factors of 74352387.
3, 2027, 12227
What are the prime factors of 468132335?
5, 11, 8511497
List the prime factors of 3193397731.
397, 1277, 6299
List the prime factors of 601133266.
2, 300566633
List the prime factors of 748183522.
2, 673, 555857
List the prime factors of 384084104.
2, 569, 84377
List the prime factors of 3736978010.
2, 5, 373697801
List the prime factors of 109751587.
11, 71, 140527
List the prime factors of 21401130.
2, 3, 5, 17, 29, 1447
What are the prime factors of 44979926?
2, 17, 1322939
List the prime factors of 892936640.
2, 5, 1193, 2339
What are the prime factors of 45449631?
3, 5049959
What are the prime factors of 3450877119?
3, 383430791
What are the prime factors of 849